{"id":28012,"date":"2025-03-25T23:56:40","date_gmt":"2025-03-25T20:56:40","guid":{"rendered":"https:\/\/www.flns.com.tr\/index.php\/urun\/momi-tobis-baloncuklu-bisiklet-pembe\/"},"modified":"2025-05-01T00:50:32","modified_gmt":"2025-04-30T21:50:32","slug":"momi-tobis-baloncuklu-bisiklet-pembe","status":"publish","type":"product","link":"https:\/\/www.flns.com.tr\/index.php\/urun\/momi-tobis-baloncuklu-bisiklet-pembe\/","title":{"rendered":"MoMi TOBIS Baloncuklu Bisiklet Pembe"},"content":{"rendered":"\t\t<div data-elementor-type=\"wp-post\" data-elementor-id=\"28012\" class=\"elementor elementor-28012\">\n\t\t\t\t<div class=\"wd-negative-gap elementor-element elementor-element-76129ea e-flex e-con-boxed e-con e-parent\" data-id=\"76129ea\" data-element_type=\"container\">\n\t\t\t\t\t<div class=\"e-con-inner\">\n\t\t<div class=\"elementor-element elementor-element-4c4b4aa e-con-full e-flex e-con e-child\" data-id=\"4c4b4aa\" data-element_type=\"container\">\n\t\t\t\t<div class=\"elementor-element elementor-element-db55dc2 elementor-widget elementor-widget-wd_text_block\" data-id=\"db55dc2\" data-element_type=\"widget\" data-widget_type=\"wd_text_block.default\">\n\t\t\t\t<div class=\"elementor-widget-container\">\n\t\t\t\t\t\t\t<div class=\"wd-text-block reset-last-child text-left\">\n\t\t\t\n\t\t\t<p><strong>\u00dcR\u00dcN \u00d6ZELL\u0130KLER\u0130<\/strong><\/p><ul><li>Baloncuk i\u015flevi \u2013 tek bir d\u00fc\u011fmeyle a\u00e7\u0131l\u0131r!<\/li><li>De\u011fi\u015fen \u00f6n \u0131\u015f\u0131klar<\/li><li>Korna<\/li><li>Ergonomik, kaymaz gidon<\/li><li>Y\u00fcksekli\u011fi ayarlanabilir gidon<\/li><li>Rahat sele<\/li><li>Montaj\u0131 kolay<\/li><li>Benzersiz tasar\u0131m<\/li><li>24 ayl\u0131ktan itibaren \u00e7ocuklar i\u00e7in uygundur<\/li><li>20 kg'a kadar<\/li><\/ul><p><strong>\u00dcR\u00dcN A\u011eIRLI\u011eI:<\/strong> 2,75 kg<\/p><p><strong>BOYUTLAR:<\/strong> 57 cm x 32 cm x 45 cm<\/p><p><strong>STANDARTLAR:<\/strong> EN 71-1, EN 71-2, EN 71-3<\/p><p><strong>PAKET BOYUTLARI:<\/strong> 52 cm x 16,5 cm x 31 cm<\/p><p><strong>MALZEMELER:<\/strong> Polipropilen, EVA k\u00f6p\u00fck<\/p><p><strong>\u00dcRET\u0130C\u0130 GARANT\u0130S\u0130:<\/strong> 24 ay<\/p><p>Piller dahil de\u011fildir<\/p>\n\t\t\t\t\t<\/div>\n\t\t\t\t\t\t<\/div>\n\t\t\t\t<\/div>\n\t\t\t\t<\/div>\n\t\t<div class=\"elementor-element elementor-element-fe62cd8 e-con-full e-flex e-con e-child\" data-id=\"fe62cd8\" data-element_type=\"container\">\n\t\t\t\t<div class=\"elementor-element elementor-element-4c4b19d elementor-widget elementor-widget-wd_image_or_svg\" data-id=\"4c4b19d\" data-element_type=\"widget\" data-widget_type=\"wd_image_or_svg.default\">\n\t\t\t\t<div class=\"elementor-widget-container\">\n\t\t\t\t\t\n\t\t<div class=\"wd-image text-center\">\n\t\t\t\t\t\t\t\t<img fetchpriority=\"high\" decoding=\"async\" width=\"512\" height=\"768\" src=\"https:\/\/www.flns.com.tr\/wp-content\/uploads\/2025\/03\/tobis-life-style-512x768-1.jpg\" class=\"attachment-full size-full\" alt=\"\" srcset=\"https:\/\/www.flns.com.tr\/wp-content\/uploads\/2025\/03\/tobis-life-style-512x768-1.jpg 512w, https:\/\/www.flns.com.tr\/wp-content\/uploads\/2025\/03\/tobis-life-style-512x768-1-200x300.jpg 200w, https:\/\/www.flns.com.tr\/wp-content\/uploads\/2025\/03\/tobis-life-style-512x768-1-430x645.jpg 430w, https:\/\/www.flns.com.tr\/wp-content\/uploads\/2025\/03\/tobis-life-style-512x768-1-150x225.jpg 150w\" sizes=\"(max-width: 512px) 100vw, 512px\" \/>\t\t\t\t\t<\/div>\n\n\t\t\t\t\t\t<\/div>\n\t\t\t\t<\/div>\n\t\t\t\t<\/div>\n\t\t\t\t\t<\/div>\n\t\t\t\t<\/div>\n\t\t<div class=\"wd-negative-gap elementor-element elementor-element-766f6d6 e-flex e-con-boxed e-con e-parent\" data-id=\"766f6d6\" data-element_type=\"container\">\n\t\t\t\t\t<div class=\"e-con-inner\">\n\t\t\t\t<div class=\"elementor-element elementor-element-5288a49 elementor-widget elementor-widget-spacer\" data-id=\"5288a49\" data-element_type=\"widget\" data-widget_type=\"spacer.default\">\n\t\t\t\t<div class=\"elementor-widget-container\">\n\t\t\t\t\t\t\t<div class=\"elementor-spacer\">\n\t\t\t<div class=\"elementor-spacer-inner\"><\/div>\n\t\t<\/div>\n\t\t\t\t\t\t<\/div>\n\t\t\t\t<\/div>\n\t\t\t\t<div class=\"elementor-element elementor-element-ebe9aa1 elementor-widget elementor-widget-wd_text_block\" data-id=\"ebe9aa1\" data-element_type=\"widget\" data-widget_type=\"wd_text_block.default\">\n\t\t\t\t<div class=\"elementor-widget-container\">\n\t\t\t\t\t\t\t<div class=\"wd-text-block reset-last-child text-left\">\n\t\t\t\n\t\t\t<p><strong>\u00dcR\u00dcN \u00d6ZELL\u0130KLER\u0130:<\/strong><\/p><ul><li>Baloncuk i\u015flevi \u2013 tek bir d\u00fc\u011fmeyle a\u00e7\u0131l\u0131r!<\/li><li>De\u011fi\u015fen \u00f6n \u0131\u015f\u0131klar<\/li><li>Korna<\/li><li>Ergonomik, kaymaz gidon<\/li><li>Y\u00fcksekli\u011fi ayarlanabilir gidon<\/li><li>Rahat sele<\/li><li>Montaj\u0131 kolay<\/li><li>Benzersiz tasar\u0131m<\/li><li>24 ayl\u0131ktan itibaren \u00e7ocuklar i\u00e7in uygundur<\/li><li>20 kg'a kadar<\/li><li>3 AA pil (dahil de\u011fildir)<\/li><\/ul>\n\t\t\t\t\t<\/div>\n\t\t\t\t\t\t<\/div>\n\t\t\t\t<\/div>\n\t\t\t\t<div class=\"elementor-element elementor-element-0de90a0 elementor-widget elementor-widget-spacer\" data-id=\"0de90a0\" data-element_type=\"widget\" data-widget_type=\"spacer.default\">\n\t\t\t\t<div class=\"elementor-widget-container\">\n\t\t\t\t\t\t\t<div class=\"elementor-spacer\">\n\t\t\t<div class=\"elementor-spacer-inner\"><\/div>\n\t\t<\/div>\n\t\t\t\t\t\t<\/div>\n\t\t\t\t<\/div>\n\t\t\t\t<div class=\"elementor-element elementor-element-5731a10 elementor-widget elementor-widget-wd_image_or_svg\" data-id=\"5731a10\" data-element_type=\"widget\" data-widget_type=\"wd_image_or_svg.default\">\n\t\t\t\t<div class=\"elementor-widget-container\">\n\t\t\t\t\t\n\t\t<div class=\"wd-image text-center\">\n\t\t\t\t\t\t\t\t<img decoding=\"async\" width=\"768\" height=\"512\" src=\"https:\/\/www.flns.com.tr\/wp-content\/uploads\/2025\/03\/tobis-life-style-768x512-1.jpg\" class=\"attachment-full size-full\" alt=\"\" srcset=\"https:\/\/www.flns.com.tr\/wp-content\/uploads\/2025\/03\/tobis-life-style-768x512-1.jpg 768w, https:\/\/www.flns.com.tr\/wp-content\/uploads\/2025\/03\/tobis-life-style-768x512-1-400x267.jpg 400w, https:\/\/www.flns.com.tr\/wp-content\/uploads\/2025\/03\/tobis-life-style-768x512-1-430x287.jpg 430w, https:\/\/www.flns.com.tr\/wp-content\/uploads\/2025\/03\/tobis-life-style-768x512-1-700x467.jpg 700w, https:\/\/www.flns.com.tr\/wp-content\/uploads\/2025\/03\/tobis-life-style-768x512-1-150x100.jpg 150w\" sizes=\"(max-width: 768px) 100vw, 768px\" \/>\t\t\t\t\t<\/div>\n\n\t\t\t\t\t\t<\/div>\n\t\t\t\t<\/div>\n\t\t\t\t\t<\/div>\n\t\t\t\t<\/div>\n\t\t\t\t<\/div>\n\t\t","protected":false},"excerpt":{"rendered":"<p>Piyasaya yeni \u00e7\u0131kt\u0131! Baloncuklu bir binilebilir ara\u00e7! Onu bu kadar \u00f6zel yapan nedir? Her \u00e7ocu\u011fun sevece\u011fi en \u00f6nemli \u00fc\u00e7 unsur: baloncuk \u00fcreten mod\u00fcl, bir korna ve renk de\u011fi\u015ftiren bir \u0131\u015f\u0131k!<\/p>\n<p>MoMi TOBIS, 2 ya\u015f\u0131ndan itibaren \u00e7ocuklar i\u00e7in \u00f6zel bir bisiklettir. G\u00fcvenli, i\u015flevseldir ve bol e\u011flence sa\u011flar.<\/p>\n<p style=\"text-align: center;\"><strong>D\u0130\u011eER SE\u00c7ENEKLER<\/strong><\/p>\n<p style=\"text-align: center;\"><a href=\"\/index.php\/urun\/momi-tobis-baloncuklu-bisiklet-gri\/\"><img decoding=\"async\" class=\"alignnone wp-image-29038 size-thumbnail\" src=\"https:\/\/www.flns.com.tr\/wp-content\/themes\/woodmart\/images\/lazy.svg\" data-src=\"https:\/\/www.flns.com.tr\/wp-content\/uploads\/2025\/03\/tobis-baloncuklu-bisiklet-gri-150x150.jpg\" alt=\"\" width=\"150\" height=\"150\" srcset=\"\" data-srcset=\"https:\/\/www.flns.com.tr\/wp-content\/uploads\/2025\/03\/tobis-baloncuklu-bisiklet-gri-150x150.jpg 150w, https:\/\/www.flns.com.tr\/wp-content\/uploads\/2025\/03\/tobis-baloncuklu-bisiklet-gri-300x300.jpg 300w, https:\/\/www.flns.com.tr\/wp-content\/uploads\/2025\/03\/tobis-baloncuklu-bisiklet-gri-800x800.jpg 800w, https:\/\/www.flns.com.tr\/wp-content\/uploads\/2025\/03\/tobis-baloncuklu-bisiklet-gri-768x768.jpg 768w, https:\/\/www.flns.com.tr\/wp-content\/uploads\/2025\/03\/tobis-baloncuklu-bisiklet-gri-430x430.jpg 430w, https:\/\/www.flns.com.tr\/wp-content\/uploads\/2025\/03\/tobis-baloncuklu-bisiklet-gri-700x700.jpg 700w, https:\/\/www.flns.com.tr\/wp-content\/uploads\/2025\/03\/tobis-baloncuklu-bisiklet-gri.jpg 1500w\" sizes=\"(max-width: 150px) 100vw, 150px\" \/><\/a><\/p>\n","protected":false},"featured_media":29049,"comment_status":"open","ping_status":"closed","template":"","meta":[],"product_brand":[225],"product_cat":[252,204],"product_tag":[],"class_list":{"0":"post-28012","1":"product","2":"type-product","3":"status-publish","4":"has-post-thumbnail","6":"product_brand-momi","7":"product_cat-denge_bisikletleri","8":"product_cat-ride_on","10":"first","11":"instock","12":"taxable","13":"shipping-taxable","14":"purchasable","15":"product-type-simple"},"yoast_head":"<!-- This site is optimized with the Yoast SEO plugin v25.1 - https:\/\/yoast.com\/wordpress\/plugins\/seo\/ -->\n<title>MoMi TOBIS Baloncuklu Bisiklet Pembe - FLNS<\/title>\n<meta name=\"robots\" content=\"index, follow, max-snippet:-1, max-image-preview:large, max-video-preview:-1\" \/>\n<link rel=\"canonical\" href=\"https:\/\/www.flns.com.tr\/index.php\/urun\/momi-tobis-baloncuklu-bisiklet-pembe\/\" \/>\n<meta property=\"og:locale\" content=\"tr_TR\" \/>\n<meta property=\"og:type\" content=\"article\" \/>\n<meta property=\"og:title\" content=\"MoMi TOBIS Baloncuklu Bisiklet Pembe - FLNS\" \/>\n<meta property=\"og:description\" content=\"Piyasaya yeni \u00e7\u0131kt\u0131! Baloncuklu bir binilebilir ara\u00e7! Onu bu kadar \u00f6zel yapan nedir? Her \u00e7ocu\u011fun sevece\u011fi en \u00f6nemli \u00fc\u00e7 unsur: baloncuk \u00fcreten mod\u00fcl, bir korna ve renk de\u011fi\u015ftiren bir \u0131\u015f\u0131k!  MoMi TOBIS, 2 ya\u015f\u0131ndan itibaren \u00e7ocuklar i\u00e7in \u00f6zel bir bisiklettir. G\u00fcvenli, i\u015flevseldir ve bol e\u011flence sa\u011flar. D\u0130\u011eER SE\u00c7ENEKLER\" \/>\n<meta property=\"og:url\" content=\"https:\/\/www.flns.com.tr\/index.php\/urun\/momi-tobis-baloncuklu-bisiklet-pembe\/\" \/>\n<meta property=\"og:site_name\" content=\"FLNS\" \/>\n<meta property=\"article:modified_time\" content=\"2025-04-30T21:50:32+00:00\" \/>\n<meta property=\"og:image\" content=\"https:\/\/www.flns.com.tr\/wp-content\/uploads\/2025\/03\/tobis-baloncuklu-bisiklet-pembe.jpg\" \/>\n\t<meta property=\"og:image:width\" content=\"1500\" \/>\n\t<meta property=\"og:image:height\" content=\"1500\" \/>\n\t<meta property=\"og:image:type\" content=\"image\/jpeg\" \/>\n<meta name=\"twitter:card\" content=\"summary_large_image\" \/>\n<meta name=\"twitter:label1\" content=\"Tahmini okuma s\u00fcresi\" \/>\n\t<meta name=\"twitter:data1\" content=\"1 dakika\" \/>\n<script type=\"application\/ld+json\" class=\"yoast-schema-graph\">{\"@context\":\"https:\/\/schema.org\",\"@graph\":[{\"@type\":\"WebPage\",\"@id\":\"https:\/\/www.flns.com.tr\/index.php\/urun\/momi-tobis-baloncuklu-bisiklet-pembe\/\",\"url\":\"https:\/\/www.flns.com.tr\/index.php\/urun\/momi-tobis-baloncuklu-bisiklet-pembe\/\",\"name\":\"MoMi TOBIS Baloncuklu Bisiklet Pembe - FLNS\",\"isPartOf\":{\"@id\":\"https:\/\/www.flns.com.tr\/#website\"},\"primaryImageOfPage\":{\"@id\":\"https:\/\/www.flns.com.tr\/index.php\/urun\/momi-tobis-baloncuklu-bisiklet-pembe\/#primaryimage\"},\"image\":{\"@id\":\"https:\/\/www.flns.com.tr\/index.php\/urun\/momi-tobis-baloncuklu-bisiklet-pembe\/#primaryimage\"},\"thumbnailUrl\":\"https:\/\/www.flns.com.tr\/wp-content\/uploads\/2025\/03\/tobis-baloncuklu-bisiklet-pembe.jpg\",\"datePublished\":\"2025-03-25T20:56:40+00:00\",\"dateModified\":\"2025-04-30T21:50:32+00:00\",\"breadcrumb\":{\"@id\":\"https:\/\/www.flns.com.tr\/index.php\/urun\/momi-tobis-baloncuklu-bisiklet-pembe\/#breadcrumb\"},\"inLanguage\":\"tr\",\"potentialAction\":[{\"@type\":\"ReadAction\",\"target\":[\"https:\/\/www.flns.com.tr\/index.php\/urun\/momi-tobis-baloncuklu-bisiklet-pembe\/\"]}]},{\"@type\":\"ImageObject\",\"inLanguage\":\"tr\",\"@id\":\"https:\/\/www.flns.com.tr\/index.php\/urun\/momi-tobis-baloncuklu-bisiklet-pembe\/#primaryimage\",\"url\":\"https:\/\/www.flns.com.tr\/wp-content\/uploads\/2025\/03\/tobis-baloncuklu-bisiklet-pembe.jpg\",\"contentUrl\":\"https:\/\/www.flns.com.tr\/wp-content\/uploads\/2025\/03\/tobis-baloncuklu-bisiklet-pembe.jpg\",\"width\":1500,\"height\":1500},{\"@type\":\"BreadcrumbList\",\"@id\":\"https:\/\/www.flns.com.tr\/index.php\/urun\/momi-tobis-baloncuklu-bisiklet-pembe\/#breadcrumb\",\"itemListElement\":[{\"@type\":\"ListItem\",\"position\":1,\"name\":\"Anasayfa\",\"item\":\"https:\/\/www.flns.com.tr\/\"},{\"@type\":\"ListItem\",\"position\":2,\"name\":\"Ma\u011faza\",\"item\":\"https:\/\/www.flns.com.tr\/index.php\/shop\/\"},{\"@type\":\"ListItem\",\"position\":3,\"name\":\"MoMi TOBIS Baloncuklu Bisiklet Pembe\"}]},{\"@type\":\"WebSite\",\"@id\":\"https:\/\/www.flns.com.tr\/#website\",\"url\":\"https:\/\/www.flns.com.tr\/\",\"name\":\"FLNS\",\"description\":\"FUN LOVE NATURE SPORT\",\"publisher\":{\"@id\":\"https:\/\/www.flns.com.tr\/#organization\"},\"potentialAction\":[{\"@type\":\"SearchAction\",\"target\":{\"@type\":\"EntryPoint\",\"urlTemplate\":\"https:\/\/www.flns.com.tr\/?s={search_term_string}\"},\"query-input\":{\"@type\":\"PropertyValueSpecification\",\"valueRequired\":true,\"valueName\":\"search_term_string\"}}],\"inLanguage\":\"tr\"},{\"@type\":\"Organization\",\"@id\":\"https:\/\/www.flns.com.tr\/#organization\",\"name\":\"FLNS\",\"url\":\"https:\/\/www.flns.com.tr\/\",\"logo\":{\"@type\":\"ImageObject\",\"inLanguage\":\"tr\",\"@id\":\"https:\/\/www.flns.com.tr\/#\/schema\/logo\/image\/\",\"url\":\"https:\/\/www.flns.com.tr\/wp-content\/uploads\/2025\/03\/FLNS-LOGO.png\",\"contentUrl\":\"https:\/\/www.flns.com.tr\/wp-content\/uploads\/2025\/03\/FLNS-LOGO.png\",\"width\":4500,\"height\":2892,\"caption\":\"FLNS\"},\"image\":{\"@id\":\"https:\/\/www.flns.com.tr\/#\/schema\/logo\/image\/\"},\"sameAs\":[\"https:\/\/www.instagram.com\/f.l.n.s\"]}]}<\/script>\n<!-- \/ Yoast SEO plugin. -->","yoast_head_json":{"title":"MoMi TOBIS Baloncuklu Bisiklet Pembe - FLNS","robots":{"index":"index","follow":"follow","max-snippet":"max-snippet:-1","max-image-preview":"max-image-preview:large","max-video-preview":"max-video-preview:-1"},"canonical":"https:\/\/www.flns.com.tr\/index.php\/urun\/momi-tobis-baloncuklu-bisiklet-pembe\/","og_locale":"tr_TR","og_type":"article","og_title":"MoMi TOBIS Baloncuklu Bisiklet Pembe - FLNS","og_description":"Piyasaya yeni \u00e7\u0131kt\u0131! Baloncuklu bir binilebilir ara\u00e7! Onu bu kadar \u00f6zel yapan nedir? Her \u00e7ocu\u011fun sevece\u011fi en \u00f6nemli \u00fc\u00e7 unsur: baloncuk \u00fcreten mod\u00fcl, bir korna ve renk de\u011fi\u015ftiren bir \u0131\u015f\u0131k!  MoMi TOBIS, 2 ya\u015f\u0131ndan itibaren \u00e7ocuklar i\u00e7in \u00f6zel bir bisiklettir. G\u00fcvenli, i\u015flevseldir ve bol e\u011flence sa\u011flar. D\u0130\u011eER SE\u00c7ENEKLER","og_url":"https:\/\/www.flns.com.tr\/index.php\/urun\/momi-tobis-baloncuklu-bisiklet-pembe\/","og_site_name":"FLNS","article_modified_time":"2025-04-30T21:50:32+00:00","og_image":[{"width":1500,"height":1500,"url":"https:\/\/www.flns.com.tr\/wp-content\/uploads\/2025\/03\/tobis-baloncuklu-bisiklet-pembe.jpg","type":"image\/jpeg"}],"twitter_card":"summary_large_image","twitter_misc":{"Tahmini okuma s\u00fcresi":"1 dakika"},"schema":{"@context":"https:\/\/schema.org","@graph":[{"@type":"WebPage","@id":"https:\/\/www.flns.com.tr\/index.php\/urun\/momi-tobis-baloncuklu-bisiklet-pembe\/","url":"https:\/\/www.flns.com.tr\/index.php\/urun\/momi-tobis-baloncuklu-bisiklet-pembe\/","name":"MoMi TOBIS Baloncuklu Bisiklet Pembe - FLNS","isPartOf":{"@id":"https:\/\/www.flns.com.tr\/#website"},"primaryImageOfPage":{"@id":"https:\/\/www.flns.com.tr\/index.php\/urun\/momi-tobis-baloncuklu-bisiklet-pembe\/#primaryimage"},"image":{"@id":"https:\/\/www.flns.com.tr\/index.php\/urun\/momi-tobis-baloncuklu-bisiklet-pembe\/#primaryimage"},"thumbnailUrl":"https:\/\/www.flns.com.tr\/wp-content\/uploads\/2025\/03\/tobis-baloncuklu-bisiklet-pembe.jpg","datePublished":"2025-03-25T20:56:40+00:00","dateModified":"2025-04-30T21:50:32+00:00","breadcrumb":{"@id":"https:\/\/www.flns.com.tr\/index.php\/urun\/momi-tobis-baloncuklu-bisiklet-pembe\/#breadcrumb"},"inLanguage":"tr","potentialAction":[{"@type":"ReadAction","target":["https:\/\/www.flns.com.tr\/index.php\/urun\/momi-tobis-baloncuklu-bisiklet-pembe\/"]}]},{"@type":"ImageObject","inLanguage":"tr","@id":"https:\/\/www.flns.com.tr\/index.php\/urun\/momi-tobis-baloncuklu-bisiklet-pembe\/#primaryimage","url":"https:\/\/www.flns.com.tr\/wp-content\/uploads\/2025\/03\/tobis-baloncuklu-bisiklet-pembe.jpg","contentUrl":"https:\/\/www.flns.com.tr\/wp-content\/uploads\/2025\/03\/tobis-baloncuklu-bisiklet-pembe.jpg","width":1500,"height":1500},{"@type":"BreadcrumbList","@id":"https:\/\/www.flns.com.tr\/index.php\/urun\/momi-tobis-baloncuklu-bisiklet-pembe\/#breadcrumb","itemListElement":[{"@type":"ListItem","position":1,"name":"Anasayfa","item":"https:\/\/www.flns.com.tr\/"},{"@type":"ListItem","position":2,"name":"Ma\u011faza","item":"https:\/\/www.flns.com.tr\/index.php\/shop\/"},{"@type":"ListItem","position":3,"name":"MoMi TOBIS Baloncuklu Bisiklet Pembe"}]},{"@type":"WebSite","@id":"https:\/\/www.flns.com.tr\/#website","url":"https:\/\/www.flns.com.tr\/","name":"FLNS","description":"FUN LOVE NATURE SPORT","publisher":{"@id":"https:\/\/www.flns.com.tr\/#organization"},"potentialAction":[{"@type":"SearchAction","target":{"@type":"EntryPoint","urlTemplate":"https:\/\/www.flns.com.tr\/?s={search_term_string}"},"query-input":{"@type":"PropertyValueSpecification","valueRequired":true,"valueName":"search_term_string"}}],"inLanguage":"tr"},{"@type":"Organization","@id":"https:\/\/www.flns.com.tr\/#organization","name":"FLNS","url":"https:\/\/www.flns.com.tr\/","logo":{"@type":"ImageObject","inLanguage":"tr","@id":"https:\/\/www.flns.com.tr\/#\/schema\/logo\/image\/","url":"https:\/\/www.flns.com.tr\/wp-content\/uploads\/2025\/03\/FLNS-LOGO.png","contentUrl":"https:\/\/www.flns.com.tr\/wp-content\/uploads\/2025\/03\/FLNS-LOGO.png","width":4500,"height":2892,"caption":"FLNS"},"image":{"@id":"https:\/\/www.flns.com.tr\/#\/schema\/logo\/image\/"},"sameAs":["https:\/\/www.instagram.com\/f.l.n.s"]}]}},"_links":{"self":[{"href":"https:\/\/www.flns.com.tr\/index.php\/wp-json\/wp\/v2\/product\/28012","targetHints":{"allow":["GET"]}}],"collection":[{"href":"https:\/\/www.flns.com.tr\/index.php\/wp-json\/wp\/v2\/product"}],"about":[{"href":"https:\/\/www.flns.com.tr\/index.php\/wp-json\/wp\/v2\/types\/product"}],"replies":[{"embeddable":true,"href":"https:\/\/www.flns.com.tr\/index.php\/wp-json\/wp\/v2\/comments?post=28012"}],"version-history":[{"count":15,"href":"https:\/\/www.flns.com.tr\/index.php\/wp-json\/wp\/v2\/product\/28012\/revisions"}],"predecessor-version":[{"id":30982,"href":"https:\/\/www.flns.com.tr\/index.php\/wp-json\/wp\/v2\/product\/28012\/revisions\/30982"}],"wp:featuredmedia":[{"embeddable":true,"href":"https:\/\/www.flns.com.tr\/index.php\/wp-json\/wp\/v2\/media\/29049"}],"wp:attachment":[{"href":"https:\/\/www.flns.com.tr\/index.php\/wp-json\/wp\/v2\/media?parent=28012"}],"wp:term":[{"taxonomy":"product_brand","embeddable":true,"href":"https:\/\/www.flns.com.tr\/index.php\/wp-json\/wp\/v2\/product_brand?post=28012"},{"taxonomy":"product_cat","embeddable":true,"href":"https:\/\/www.flns.com.tr\/index.php\/wp-json\/wp\/v2\/product_cat?post=28012"},{"taxonomy":"product_tag","embeddable":true,"href":"https:\/\/www.flns.com.tr\/index.php\/wp-json\/wp\/v2\/product_tag?post=28012"}],"curies":[{"name":"wp","href":"https:\/\/api.w.org\/{rel}","templated":true}]}}