{"id":28018,"date":"2025-03-25T23:56:41","date_gmt":"2025-03-25T20:56:41","guid":{"rendered":"https:\/\/www.flns.com.tr\/index.php\/urun\/momi-mimi-cocuk-kaski-mat-pembe\/"},"modified":"2025-05-01T01:02:42","modified_gmt":"2025-04-30T22:02:42","slug":"momi-mimi-cocuk-kaski-mat-pembe","status":"publish","type":"product","link":"https:\/\/www.flns.com.tr\/index.php\/urun\/momi-mimi-cocuk-kaski-mat-pembe\/","title":{"rendered":"MoMi MIMI \u00c7ocuk Kask\u0131 Mat Pembe"},"content":{"rendered":"\t\t<div data-elementor-type=\"wp-post\" data-elementor-id=\"28018\" class=\"elementor elementor-28018\">\n\t\t\t\t<div class=\"wd-negative-gap elementor-element elementor-element-ac2c8d4 e-flex e-con-boxed e-con e-parent\" data-id=\"ac2c8d4\" data-element_type=\"container\">\n\t\t\t\t\t<div class=\"e-con-inner\">\n\t\t<div class=\"elementor-element elementor-element-269986a e-con-full e-flex e-con e-child\" data-id=\"269986a\" data-element_type=\"container\">\n\t\t\t\t<div class=\"elementor-element elementor-element-7883cec elementor-widget elementor-widget-wd_text_block\" data-id=\"7883cec\" data-element_type=\"widget\" data-widget_type=\"wd_text_block.default\">\n\t\t\t\t<div class=\"elementor-widget-container\">\n\t\t\t\t\t\t\t<div class=\"wd-text-block reset-last-child text-left\">\n\t\t\t\n\t\t\t<p><strong>\u00dcR\u00dcN \u00d6ZELL\u0130KLER\u0130<\/strong><\/p><ul><li>Y\u00fcksek sertlik, \u00e7izilmeye kar\u015f\u0131 diren\u00e7 ve darbe direnci ile karakterize edilen ABS kabuk<\/li><li>Darbelere kar\u015f\u0131 olduk\u00e7a dayan\u0131kl\u0131 y\u00fcksek yo\u011funluklu EPS i\u00e7 kabuk<\/li><li>Kasktaki k\u00f6p\u00fck astar ekstra koruma ve konfor sa\u011flar<\/li><li>Ba\u015f \u00e7evresi ayarlama sistemi, 47 cm'den 58 cm'ye<\/li><li>Ayarlanabilir \u00e7ene kay\u0131\u015flar\u0131<\/li><li>11 havaland\u0131rma deli\u011fi<\/li><li>Kask marker kalemler kullan\u0131larak s\u00fcslenebilir<\/li><li>Avrupa Standard\u0131na uygundur: EN 1078<\/li><\/ul><p><strong>\u00dcR\u00dcN A\u011eIRLI\u011eI:<\/strong> 0,36 kg<\/p><p><strong>BOYUTLAR:<\/strong> 23 cm x 20,5 cm x 14 cm<\/p><p><strong>STANDARTLAR:<\/strong> EN 1078<\/p><p><strong>PAKET BOYUTLARI:<\/strong> 40 cm x 32 cm x 14 cm<\/p><p><strong>MALZEMELER:<\/strong> Plastik, Strafor, K\u00f6p\u00fck<\/p><p><strong>\u00dcRET\u0130C\u0130 GARANT\u0130S\u0130:<\/strong> 24 ay<\/p>\n\t\t\t\t\t<\/div>\n\t\t\t\t\t\t<\/div>\n\t\t\t\t<\/div>\n\t\t\t\t<\/div>\n\t\t<div class=\"elementor-element elementor-element-f9a11ae e-con-full e-flex e-con e-child\" data-id=\"f9a11ae\" data-element_type=\"container\">\n\t\t\t\t<div class=\"elementor-element elementor-element-bde87af elementor-widget elementor-widget-wd_image_or_svg\" data-id=\"bde87af\" data-element_type=\"widget\" data-widget_type=\"wd_image_or_svg.default\">\n\t\t\t\t<div class=\"elementor-widget-container\">\n\t\t\t\t\t\n\t\t<div class=\"wd-image text-center\">\n\t\t\t\t\t\t\t\t<img fetchpriority=\"high\" decoding=\"async\" width=\"512\" height=\"768\" src=\"https:\/\/www.flns.com.tr\/wp-content\/uploads\/2025\/03\/mimi-life-style-512x768-1.jpg\" class=\"attachment-full size-full\" alt=\"\" srcset=\"https:\/\/www.flns.com.tr\/wp-content\/uploads\/2025\/03\/mimi-life-style-512x768-1.jpg 512w, https:\/\/www.flns.com.tr\/wp-content\/uploads\/2025\/03\/mimi-life-style-512x768-1-200x300.jpg 200w, https:\/\/www.flns.com.tr\/wp-content\/uploads\/2025\/03\/mimi-life-style-512x768-1-430x645.jpg 430w, https:\/\/www.flns.com.tr\/wp-content\/uploads\/2025\/03\/mimi-life-style-512x768-1-150x225.jpg 150w\" sizes=\"(max-width: 512px) 100vw, 512px\" \/>\t\t\t\t\t<\/div>\n\n\t\t\t\t\t\t<\/div>\n\t\t\t\t<\/div>\n\t\t\t\t<\/div>\n\t\t\t\t\t<\/div>\n\t\t\t\t<\/div>\n\t\t<div class=\"wd-negative-gap elementor-element elementor-element-024faa2 e-flex e-con-boxed e-con e-parent\" data-id=\"024faa2\" data-element_type=\"container\">\n\t\t\t\t\t<div class=\"e-con-inner\">\n\t\t\t\t<div class=\"elementor-element elementor-element-2455c33 elementor-widget elementor-widget-spacer\" data-id=\"2455c33\" data-element_type=\"widget\" data-widget_type=\"spacer.default\">\n\t\t\t\t<div class=\"elementor-widget-container\">\n\t\t\t\t\t\t\t<div class=\"elementor-spacer\">\n\t\t\t<div class=\"elementor-spacer-inner\"><\/div>\n\t\t<\/div>\n\t\t\t\t\t\t<\/div>\n\t\t\t\t<\/div>\n\t\t\t\t<div class=\"elementor-element elementor-element-35fb061 elementor-widget elementor-widget-wd_text_block\" data-id=\"35fb061\" data-element_type=\"widget\" data-widget_type=\"wd_text_block.default\">\n\t\t\t\t<div class=\"elementor-widget-container\">\n\t\t\t\t\t\t\t<div class=\"wd-text-block reset-last-child text-left\">\n\t\t\t\n\t\t\t<p>\u00c7ocuklar\u0131n g\u00fcvenli\u011fi her ebeveynin \u00f6nceli\u011fidir. MoMi bisiklet gezileri ve scooter kullan\u0131m\u0131 s\u0131ras\u0131nda onlar\u0131 korumaya yard\u0131mc\u0131 olur. MoMi MIMI kask\u0131 hafif ve rahatt\u0131r. K\u00fc\u00e7\u00fck bir sporcu i\u00e7in m\u00fckemmeldir.<\/p>\n\t\t\t\t\t<\/div>\n\t\t\t\t\t\t<\/div>\n\t\t\t\t<\/div>\n\t\t\t\t<div class=\"elementor-element elementor-element-ebff610 elementor-widget elementor-widget-spacer\" data-id=\"ebff610\" data-element_type=\"widget\" data-widget_type=\"spacer.default\">\n\t\t\t\t<div class=\"elementor-widget-container\">\n\t\t\t\t\t\t\t<div class=\"elementor-spacer\">\n\t\t\t<div class=\"elementor-spacer-inner\"><\/div>\n\t\t<\/div>\n\t\t\t\t\t\t<\/div>\n\t\t\t\t<\/div>\n\t\t\t\t<div class=\"elementor-element elementor-element-593444d elementor-widget elementor-widget-wd_image_or_svg\" data-id=\"593444d\" data-element_type=\"widget\" data-widget_type=\"wd_image_or_svg.default\">\n\t\t\t\t<div class=\"elementor-widget-container\">\n\t\t\t\t\t\n\t\t<div class=\"wd-image text-center\">\n\t\t\t\t\t\t\t\t<img decoding=\"async\" width=\"768\" height=\"512\" src=\"https:\/\/www.flns.com.tr\/wp-content\/uploads\/2025\/03\/mimi-life-style-768x512-1.jpg\" class=\"attachment-full size-full\" alt=\"\" srcset=\"https:\/\/www.flns.com.tr\/wp-content\/uploads\/2025\/03\/mimi-life-style-768x512-1.jpg 768w, https:\/\/www.flns.com.tr\/wp-content\/uploads\/2025\/03\/mimi-life-style-768x512-1-400x267.jpg 400w, https:\/\/www.flns.com.tr\/wp-content\/uploads\/2025\/03\/mimi-life-style-768x512-1-430x287.jpg 430w, https:\/\/www.flns.com.tr\/wp-content\/uploads\/2025\/03\/mimi-life-style-768x512-1-700x467.jpg 700w, https:\/\/www.flns.com.tr\/wp-content\/uploads\/2025\/03\/mimi-life-style-768x512-1-150x100.jpg 150w\" sizes=\"(max-width: 768px) 100vw, 768px\" \/>\t\t\t\t\t<\/div>\n\n\t\t\t\t\t\t<\/div>\n\t\t\t\t<\/div>\n\t\t\t\t\t<\/div>\n\t\t\t\t<\/div>\n\t\t\t\t<\/div>\n\t\t","protected":false},"excerpt":{"rendered":"<p>\u00c7ocu\u011funuzun g\u00fcvenli\u011fi her zaman ve her ko\u015fulda MoMi&#8217;nin \u00f6nceli\u011fidir.\u00a0Sizin i\u00e7in de en \u00f6nemlisi bu, de\u011fil mi?<\/p>\n<p>Bunun i\u00e7in \u00fcr\u00fcn yelpazemize bir\u00e7ok avantaj\u0131 olan MoMi MIMI \u00e7ocuk kask\u0131n\u0131 ekledik.<\/p>\n<p>\u00c7ocu\u011funuzun bisiklet, scooter veya paten s\u00fcrerken her zaman kask takmas\u0131n\u0131 sa\u011flamay\u0131 unutmay\u0131n!<\/p>\n<p style=\"text-align: center;\"><strong>D\u0130\u011eER SE\u00c7ENEKLER<\/strong><\/p>\n<p style=\"text-align: center;\"><a href=\"\/index.php\/urun\/momi-kenani-dlx-otomatik-ana-kucagi-acik-gri\/\">\u00a0<\/a> <a href=\"\/index.php\/urun\/momi-mimi-cocuk-kaski-mat-beyaz\/\"><img decoding=\"async\" class=\"alignnone wp-image-28757\" src=\"https:\/\/www.flns.com.tr\/wp-content\/themes\/woodmart\/images\/lazy.svg\" data-src=\"https:\/\/www.flns.com.tr\/wp-content\/uploads\/2025\/03\/mimi-cocuk-kaski-mat-beyaz-5-300x300.jpg\" alt=\"\" width=\"100\" height=\"100\" srcset=\"\" data-srcset=\"https:\/\/www.flns.com.tr\/wp-content\/uploads\/2025\/03\/mimi-cocuk-kaski-mat-beyaz-5-300x300.jpg 300w, https:\/\/www.flns.com.tr\/wp-content\/uploads\/2025\/03\/mimi-cocuk-kaski-mat-beyaz-5-800x800.jpg 800w, https:\/\/www.flns.com.tr\/wp-content\/uploads\/2025\/03\/mimi-cocuk-kaski-mat-beyaz-5-150x150.jpg 150w, https:\/\/www.flns.com.tr\/wp-content\/uploads\/2025\/03\/mimi-cocuk-kaski-mat-beyaz-5-768x768.jpg 768w, https:\/\/www.flns.com.tr\/wp-content\/uploads\/2025\/03\/mimi-cocuk-kaski-mat-beyaz-5-430x430.jpg 430w, https:\/\/www.flns.com.tr\/wp-content\/uploads\/2025\/03\/mimi-cocuk-kaski-mat-beyaz-5-700x700.jpg 700w, https:\/\/www.flns.com.tr\/wp-content\/uploads\/2025\/03\/mimi-cocuk-kaski-mat-beyaz-5.jpg 1500w\" sizes=\"(max-width: 100px) 100vw, 100px\" \/><\/a> <a href=\"\/index.php\/urun\/momi-mimi-cocuk-kaski-mat-siyah\/\"><img loading=\"lazy\" decoding=\"async\" class=\"alignnone wp-image-28764\" src=\"https:\/\/www.flns.com.tr\/wp-content\/themes\/woodmart\/images\/lazy.svg\" data-src=\"https:\/\/www.flns.com.tr\/wp-content\/uploads\/2025\/03\/mimi-cocuk-kaski-mat-siyah-1-300x300.jpg\" alt=\"\" width=\"100\" height=\"100\" srcset=\"\" data-srcset=\"https:\/\/www.flns.com.tr\/wp-content\/uploads\/2025\/03\/mimi-cocuk-kaski-mat-siyah-1-300x300.jpg 300w, https:\/\/www.flns.com.tr\/wp-content\/uploads\/2025\/03\/mimi-cocuk-kaski-mat-siyah-1-800x800.jpg 800w, https:\/\/www.flns.com.tr\/wp-content\/uploads\/2025\/03\/mimi-cocuk-kaski-mat-siyah-1-150x150.jpg 150w, https:\/\/www.flns.com.tr\/wp-content\/uploads\/2025\/03\/mimi-cocuk-kaski-mat-siyah-1-768x768.jpg 768w, https:\/\/www.flns.com.tr\/wp-content\/uploads\/2025\/03\/mimi-cocuk-kaski-mat-siyah-1-430x430.jpg 430w, https:\/\/www.flns.com.tr\/wp-content\/uploads\/2025\/03\/mimi-cocuk-kaski-mat-siyah-1-700x700.jpg 700w, https:\/\/www.flns.com.tr\/wp-content\/uploads\/2025\/03\/mimi-cocuk-kaski-mat-siyah-1.jpg 1500w\" sizes=\"(max-width: 100px) 100vw, 100px\" \/><\/a><a href=\"\/index.php\/urun\/momi-mimi-cocuk-kaski-mat-yesil\/\"><img loading=\"lazy\" decoding=\"async\" class=\"alignnone wp-image-28788\" src=\"https:\/\/www.flns.com.tr\/wp-content\/themes\/woodmart\/images\/lazy.svg\" data-src=\"https:\/\/www.flns.com.tr\/wp-content\/uploads\/2025\/03\/mimi-cocuk-kaski-mat-yesil-4-300x300.jpg\" alt=\"\" width=\"100\" height=\"100\" srcset=\"\" data-srcset=\"https:\/\/www.flns.com.tr\/wp-content\/uploads\/2025\/03\/mimi-cocuk-kaski-mat-yesil-4-300x300.jpg 300w, https:\/\/www.flns.com.tr\/wp-content\/uploads\/2025\/03\/mimi-cocuk-kaski-mat-yesil-4-800x800.jpg 800w, https:\/\/www.flns.com.tr\/wp-content\/uploads\/2025\/03\/mimi-cocuk-kaski-mat-yesil-4-150x150.jpg 150w, https:\/\/www.flns.com.tr\/wp-content\/uploads\/2025\/03\/mimi-cocuk-kaski-mat-yesil-4-768x768.jpg 768w, https:\/\/www.flns.com.tr\/wp-content\/uploads\/2025\/03\/mimi-cocuk-kaski-mat-yesil-4-430x430.jpg 430w, https:\/\/www.flns.com.tr\/wp-content\/uploads\/2025\/03\/mimi-cocuk-kaski-mat-yesil-4-700x700.jpg 700w, https:\/\/www.flns.com.tr\/wp-content\/uploads\/2025\/03\/mimi-cocuk-kaski-mat-yesil-4.jpg 1500w\" sizes=\"(max-width: 100px) 100vw, 100px\" \/><\/a><a href=\"\/index.php\/urun\/momi-mimi-cocuk-kaski-mat-gri\/\"><img loading=\"lazy\" decoding=\"async\" class=\"alignnone wp-image-28777\" src=\"https:\/\/www.flns.com.tr\/wp-content\/themes\/woodmart\/images\/lazy.svg\" data-src=\"https:\/\/www.flns.com.tr\/wp-content\/uploads\/2025\/03\/mimi-cocuk-kaski-mat-gri-3-300x300.jpg\" alt=\"\" width=\"100\" height=\"100\" srcset=\"\" data-srcset=\"https:\/\/www.flns.com.tr\/wp-content\/uploads\/2025\/03\/mimi-cocuk-kaski-mat-gri-3-300x300.jpg 300w, https:\/\/www.flns.com.tr\/wp-content\/uploads\/2025\/03\/mimi-cocuk-kaski-mat-gri-3-800x800.jpg 800w, https:\/\/www.flns.com.tr\/wp-content\/uploads\/2025\/03\/mimi-cocuk-kaski-mat-gri-3-150x150.jpg 150w, https:\/\/www.flns.com.tr\/wp-content\/uploads\/2025\/03\/mimi-cocuk-kaski-mat-gri-3-768x768.jpg 768w, https:\/\/www.flns.com.tr\/wp-content\/uploads\/2025\/03\/mimi-cocuk-kaski-mat-gri-3-430x430.jpg 430w, https:\/\/www.flns.com.tr\/wp-content\/uploads\/2025\/03\/mimi-cocuk-kaski-mat-gri-3-700x700.jpg 700w, https:\/\/www.flns.com.tr\/wp-content\/uploads\/2025\/03\/mimi-cocuk-kaski-mat-gri-3.jpg 1500w\" sizes=\"(max-width: 100px) 100vw, 100px\" \/><\/a><\/p>\n","protected":false},"featured_media":28794,"comment_status":"open","ping_status":"closed","template":"","meta":[],"product_brand":[225],"product_cat":[247],"product_tag":[],"class_list":{"0":"post-28018","1":"product","2":"type-product","3":"status-publish","4":"has-post-thumbnail","6":"product_brand-momi","7":"product_cat-cocuk_kasklari","9":"first","10":"instock","11":"taxable","12":"shipping-taxable","13":"purchasable","14":"product-type-simple"},"yoast_head":"<!-- This site is optimized with the Yoast SEO plugin v25.1 - https:\/\/yoast.com\/wordpress\/plugins\/seo\/ -->\n<title>MoMi MIMI \u00c7ocuk Kask\u0131 Mat Pembe - FLNS<\/title>\n<meta name=\"robots\" content=\"index, follow, max-snippet:-1, max-image-preview:large, max-video-preview:-1\" \/>\n<link rel=\"canonical\" href=\"https:\/\/www.flns.com.tr\/index.php\/urun\/momi-mimi-cocuk-kaski-mat-pembe\/\" \/>\n<meta property=\"og:locale\" content=\"tr_TR\" \/>\n<meta property=\"og:type\" content=\"article\" \/>\n<meta property=\"og:title\" content=\"MoMi MIMI \u00c7ocuk Kask\u0131 Mat Pembe - FLNS\" \/>\n<meta property=\"og:description\" content=\"\u00c7ocu\u011funuzun g\u00fcvenli\u011fi her zaman ve her ko\u015fulda MoMi&#039;nin \u00f6nceli\u011fidir.\u00a0Sizin i\u00e7in de en \u00f6nemlisi bu, de\u011fil mi?  Bunun i\u00e7in \u00fcr\u00fcn yelpazemize bir\u00e7ok avantaj\u0131 olan MoMi MIMI \u00e7ocuk kask\u0131n\u0131 ekledik.  \u00c7ocu\u011funuzun bisiklet, scooter veya paten s\u00fcrerken her zaman kask takmas\u0131n\u0131 sa\u011flamay\u0131 unutmay\u0131n! D\u0130\u011eER SE\u00c7ENEKLER \u00a0\" \/>\n<meta property=\"og:url\" content=\"https:\/\/www.flns.com.tr\/index.php\/urun\/momi-mimi-cocuk-kaski-mat-pembe\/\" \/>\n<meta property=\"og:site_name\" content=\"FLNS\" \/>\n<meta property=\"article:modified_time\" content=\"2025-04-30T22:02:42+00:00\" \/>\n<meta property=\"og:image\" content=\"https:\/\/www.flns.com.tr\/wp-content\/uploads\/2025\/03\/mimi-cocuk-kaski-mat-pembe.jpg\" \/>\n\t<meta property=\"og:image:width\" content=\"1500\" \/>\n\t<meta property=\"og:image:height\" content=\"1500\" \/>\n\t<meta property=\"og:image:type\" content=\"image\/jpeg\" \/>\n<meta name=\"twitter:card\" content=\"summary_large_image\" \/>\n<meta name=\"twitter:label1\" content=\"Tahmini okuma s\u00fcresi\" \/>\n\t<meta name=\"twitter:data1\" content=\"2 dakika\" \/>\n<script type=\"application\/ld+json\" class=\"yoast-schema-graph\">{\"@context\":\"https:\/\/schema.org\",\"@graph\":[{\"@type\":\"WebPage\",\"@id\":\"https:\/\/www.flns.com.tr\/index.php\/urun\/momi-mimi-cocuk-kaski-mat-pembe\/\",\"url\":\"https:\/\/www.flns.com.tr\/index.php\/urun\/momi-mimi-cocuk-kaski-mat-pembe\/\",\"name\":\"MoMi MIMI \u00c7ocuk Kask\u0131 Mat Pembe - FLNS\",\"isPartOf\":{\"@id\":\"https:\/\/www.flns.com.tr\/#website\"},\"primaryImageOfPage\":{\"@id\":\"https:\/\/www.flns.com.tr\/index.php\/urun\/momi-mimi-cocuk-kaski-mat-pembe\/#primaryimage\"},\"image\":{\"@id\":\"https:\/\/www.flns.com.tr\/index.php\/urun\/momi-mimi-cocuk-kaski-mat-pembe\/#primaryimage\"},\"thumbnailUrl\":\"https:\/\/www.flns.com.tr\/wp-content\/uploads\/2025\/03\/mimi-cocuk-kaski-mat-pembe.jpg\",\"datePublished\":\"2025-03-25T20:56:41+00:00\",\"dateModified\":\"2025-04-30T22:02:42+00:00\",\"breadcrumb\":{\"@id\":\"https:\/\/www.flns.com.tr\/index.php\/urun\/momi-mimi-cocuk-kaski-mat-pembe\/#breadcrumb\"},\"inLanguage\":\"tr\",\"potentialAction\":[{\"@type\":\"ReadAction\",\"target\":[\"https:\/\/www.flns.com.tr\/index.php\/urun\/momi-mimi-cocuk-kaski-mat-pembe\/\"]}]},{\"@type\":\"ImageObject\",\"inLanguage\":\"tr\",\"@id\":\"https:\/\/www.flns.com.tr\/index.php\/urun\/momi-mimi-cocuk-kaski-mat-pembe\/#primaryimage\",\"url\":\"https:\/\/www.flns.com.tr\/wp-content\/uploads\/2025\/03\/mimi-cocuk-kaski-mat-pembe.jpg\",\"contentUrl\":\"https:\/\/www.flns.com.tr\/wp-content\/uploads\/2025\/03\/mimi-cocuk-kaski-mat-pembe.jpg\",\"width\":1500,\"height\":1500},{\"@type\":\"BreadcrumbList\",\"@id\":\"https:\/\/www.flns.com.tr\/index.php\/urun\/momi-mimi-cocuk-kaski-mat-pembe\/#breadcrumb\",\"itemListElement\":[{\"@type\":\"ListItem\",\"position\":1,\"name\":\"Anasayfa\",\"item\":\"https:\/\/www.flns.com.tr\/\"},{\"@type\":\"ListItem\",\"position\":2,\"name\":\"Ma\u011faza\",\"item\":\"https:\/\/www.flns.com.tr\/index.php\/shop\/\"},{\"@type\":\"ListItem\",\"position\":3,\"name\":\"MoMi MIMI \u00c7ocuk Kask\u0131 Mat Pembe\"}]},{\"@type\":\"WebSite\",\"@id\":\"https:\/\/www.flns.com.tr\/#website\",\"url\":\"https:\/\/www.flns.com.tr\/\",\"name\":\"FLNS\",\"description\":\"FUN LOVE NATURE SPORT\",\"publisher\":{\"@id\":\"https:\/\/www.flns.com.tr\/#organization\"},\"potentialAction\":[{\"@type\":\"SearchAction\",\"target\":{\"@type\":\"EntryPoint\",\"urlTemplate\":\"https:\/\/www.flns.com.tr\/?s={search_term_string}\"},\"query-input\":{\"@type\":\"PropertyValueSpecification\",\"valueRequired\":true,\"valueName\":\"search_term_string\"}}],\"inLanguage\":\"tr\"},{\"@type\":\"Organization\",\"@id\":\"https:\/\/www.flns.com.tr\/#organization\",\"name\":\"FLNS\",\"url\":\"https:\/\/www.flns.com.tr\/\",\"logo\":{\"@type\":\"ImageObject\",\"inLanguage\":\"tr\",\"@id\":\"https:\/\/www.flns.com.tr\/#\/schema\/logo\/image\/\",\"url\":\"https:\/\/www.flns.com.tr\/wp-content\/uploads\/2025\/03\/FLNS-LOGO.png\",\"contentUrl\":\"https:\/\/www.flns.com.tr\/wp-content\/uploads\/2025\/03\/FLNS-LOGO.png\",\"width\":4500,\"height\":2892,\"caption\":\"FLNS\"},\"image\":{\"@id\":\"https:\/\/www.flns.com.tr\/#\/schema\/logo\/image\/\"},\"sameAs\":[\"https:\/\/www.instagram.com\/f.l.n.s\"]}]}<\/script>\n<!-- \/ Yoast SEO plugin. -->","yoast_head_json":{"title":"MoMi MIMI \u00c7ocuk Kask\u0131 Mat Pembe - FLNS","robots":{"index":"index","follow":"follow","max-snippet":"max-snippet:-1","max-image-preview":"max-image-preview:large","max-video-preview":"max-video-preview:-1"},"canonical":"https:\/\/www.flns.com.tr\/index.php\/urun\/momi-mimi-cocuk-kaski-mat-pembe\/","og_locale":"tr_TR","og_type":"article","og_title":"MoMi MIMI \u00c7ocuk Kask\u0131 Mat Pembe - FLNS","og_description":"\u00c7ocu\u011funuzun g\u00fcvenli\u011fi her zaman ve her ko\u015fulda MoMi'nin \u00f6nceli\u011fidir.\u00a0Sizin i\u00e7in de en \u00f6nemlisi bu, de\u011fil mi?  Bunun i\u00e7in \u00fcr\u00fcn yelpazemize bir\u00e7ok avantaj\u0131 olan MoMi MIMI \u00e7ocuk kask\u0131n\u0131 ekledik.  \u00c7ocu\u011funuzun bisiklet, scooter veya paten s\u00fcrerken her zaman kask takmas\u0131n\u0131 sa\u011flamay\u0131 unutmay\u0131n! D\u0130\u011eER SE\u00c7ENEKLER \u00a0","og_url":"https:\/\/www.flns.com.tr\/index.php\/urun\/momi-mimi-cocuk-kaski-mat-pembe\/","og_site_name":"FLNS","article_modified_time":"2025-04-30T22:02:42+00:00","og_image":[{"width":1500,"height":1500,"url":"https:\/\/www.flns.com.tr\/wp-content\/uploads\/2025\/03\/mimi-cocuk-kaski-mat-pembe.jpg","type":"image\/jpeg"}],"twitter_card":"summary_large_image","twitter_misc":{"Tahmini okuma s\u00fcresi":"2 dakika"},"schema":{"@context":"https:\/\/schema.org","@graph":[{"@type":"WebPage","@id":"https:\/\/www.flns.com.tr\/index.php\/urun\/momi-mimi-cocuk-kaski-mat-pembe\/","url":"https:\/\/www.flns.com.tr\/index.php\/urun\/momi-mimi-cocuk-kaski-mat-pembe\/","name":"MoMi MIMI \u00c7ocuk Kask\u0131 Mat Pembe - FLNS","isPartOf":{"@id":"https:\/\/www.flns.com.tr\/#website"},"primaryImageOfPage":{"@id":"https:\/\/www.flns.com.tr\/index.php\/urun\/momi-mimi-cocuk-kaski-mat-pembe\/#primaryimage"},"image":{"@id":"https:\/\/www.flns.com.tr\/index.php\/urun\/momi-mimi-cocuk-kaski-mat-pembe\/#primaryimage"},"thumbnailUrl":"https:\/\/www.flns.com.tr\/wp-content\/uploads\/2025\/03\/mimi-cocuk-kaski-mat-pembe.jpg","datePublished":"2025-03-25T20:56:41+00:00","dateModified":"2025-04-30T22:02:42+00:00","breadcrumb":{"@id":"https:\/\/www.flns.com.tr\/index.php\/urun\/momi-mimi-cocuk-kaski-mat-pembe\/#breadcrumb"},"inLanguage":"tr","potentialAction":[{"@type":"ReadAction","target":["https:\/\/www.flns.com.tr\/index.php\/urun\/momi-mimi-cocuk-kaski-mat-pembe\/"]}]},{"@type":"ImageObject","inLanguage":"tr","@id":"https:\/\/www.flns.com.tr\/index.php\/urun\/momi-mimi-cocuk-kaski-mat-pembe\/#primaryimage","url":"https:\/\/www.flns.com.tr\/wp-content\/uploads\/2025\/03\/mimi-cocuk-kaski-mat-pembe.jpg","contentUrl":"https:\/\/www.flns.com.tr\/wp-content\/uploads\/2025\/03\/mimi-cocuk-kaski-mat-pembe.jpg","width":1500,"height":1500},{"@type":"BreadcrumbList","@id":"https:\/\/www.flns.com.tr\/index.php\/urun\/momi-mimi-cocuk-kaski-mat-pembe\/#breadcrumb","itemListElement":[{"@type":"ListItem","position":1,"name":"Anasayfa","item":"https:\/\/www.flns.com.tr\/"},{"@type":"ListItem","position":2,"name":"Ma\u011faza","item":"https:\/\/www.flns.com.tr\/index.php\/shop\/"},{"@type":"ListItem","position":3,"name":"MoMi MIMI \u00c7ocuk Kask\u0131 Mat Pembe"}]},{"@type":"WebSite","@id":"https:\/\/www.flns.com.tr\/#website","url":"https:\/\/www.flns.com.tr\/","name":"FLNS","description":"FUN LOVE NATURE SPORT","publisher":{"@id":"https:\/\/www.flns.com.tr\/#organization"},"potentialAction":[{"@type":"SearchAction","target":{"@type":"EntryPoint","urlTemplate":"https:\/\/www.flns.com.tr\/?s={search_term_string}"},"query-input":{"@type":"PropertyValueSpecification","valueRequired":true,"valueName":"search_term_string"}}],"inLanguage":"tr"},{"@type":"Organization","@id":"https:\/\/www.flns.com.tr\/#organization","name":"FLNS","url":"https:\/\/www.flns.com.tr\/","logo":{"@type":"ImageObject","inLanguage":"tr","@id":"https:\/\/www.flns.com.tr\/#\/schema\/logo\/image\/","url":"https:\/\/www.flns.com.tr\/wp-content\/uploads\/2025\/03\/FLNS-LOGO.png","contentUrl":"https:\/\/www.flns.com.tr\/wp-content\/uploads\/2025\/03\/FLNS-LOGO.png","width":4500,"height":2892,"caption":"FLNS"},"image":{"@id":"https:\/\/www.flns.com.tr\/#\/schema\/logo\/image\/"},"sameAs":["https:\/\/www.instagram.com\/f.l.n.s"]}]}},"_links":{"self":[{"href":"https:\/\/www.flns.com.tr\/index.php\/wp-json\/wp\/v2\/product\/28018","targetHints":{"allow":["GET"]}}],"collection":[{"href":"https:\/\/www.flns.com.tr\/index.php\/wp-json\/wp\/v2\/product"}],"about":[{"href":"https:\/\/www.flns.com.tr\/index.php\/wp-json\/wp\/v2\/types\/product"}],"replies":[{"embeddable":true,"href":"https:\/\/www.flns.com.tr\/index.php\/wp-json\/wp\/v2\/comments?post=28018"}],"version-history":[{"count":16,"href":"https:\/\/www.flns.com.tr\/index.php\/wp-json\/wp\/v2\/product\/28018\/revisions"}],"predecessor-version":[{"id":31033,"href":"https:\/\/www.flns.com.tr\/index.php\/wp-json\/wp\/v2\/product\/28018\/revisions\/31033"}],"wp:featuredmedia":[{"embeddable":true,"href":"https:\/\/www.flns.com.tr\/index.php\/wp-json\/wp\/v2\/media\/28794"}],"wp:attachment":[{"href":"https:\/\/www.flns.com.tr\/index.php\/wp-json\/wp\/v2\/media?parent=28018"}],"wp:term":[{"taxonomy":"product_brand","embeddable":true,"href":"https:\/\/www.flns.com.tr\/index.php\/wp-json\/wp\/v2\/product_brand?post=28018"},{"taxonomy":"product_cat","embeddable":true,"href":"https:\/\/www.flns.com.tr\/index.php\/wp-json\/wp\/v2\/product_cat?post=28018"},{"taxonomy":"product_tag","embeddable":true,"href":"https:\/\/www.flns.com.tr\/index.php\/wp-json\/wp\/v2\/product_tag?post=28018"}],"curies":[{"name":"wp","href":"https:\/\/api.w.org\/{rel}","templated":true}]}}