{"id":28023,"date":"2025-03-25T23:56:42","date_gmt":"2025-03-25T20:56:42","guid":{"rendered":"https:\/\/www.flns.com.tr\/index.php\/urun\/momi-lammis-bebek-oyun-mati\/"},"modified":"2025-05-01T01:26:34","modified_gmt":"2025-04-30T22:26:34","slug":"momi-lammis-egitici-oyun-mati","status":"publish","type":"product","link":"https:\/\/www.flns.com.tr\/index.php\/urun\/momi-lammis-egitici-oyun-mati\/","title":{"rendered":"MoMi LAMMIS E\u011fitici Oyun Mat\u0131"},"content":{"rendered":"\t\t<div data-elementor-type=\"wp-post\" data-elementor-id=\"28023\" class=\"elementor elementor-28023\">\n\t\t\t\t<div class=\"wd-negative-gap elementor-element elementor-element-4e32157 e-flex e-con-boxed e-con e-parent\" data-id=\"4e32157\" data-element_type=\"container\">\n\t\t\t\t\t<div class=\"e-con-inner\">\n\t\t<div class=\"elementor-element elementor-element-aeb6a12 e-con-full e-flex e-con e-child\" data-id=\"aeb6a12\" data-element_type=\"container\">\n\t\t\t\t<div class=\"elementor-element elementor-element-a647ff4 elementor-widget elementor-widget-wd_text_block\" data-id=\"a647ff4\" data-element_type=\"widget\" data-widget_type=\"wd_text_block.default\">\n\t\t\t\t<div class=\"elementor-widget-container\">\n\t\t\t\t\t\t\t<div class=\"wd-text-block reset-last-child text-left\">\n\t\t\t\n\t\t\t<p><strong>\u00dcR\u00dcN \u00d6ZELL\u0130KLER\u0130<\/strong><\/p><ul><li>E\u011fitici mat + foto\u011fraf mat\u0131<\/li><li>Top havuzu modu<\/li><li>4 as\u0131l\u0131 oyuncak<\/li><li>20 pastel renkli top<\/li><li>E\u015fsiz, masals\u0131 desen<\/li><li>Konforlu malzemelerden yap\u0131lm\u0131\u015ft\u0131r<\/li><li>Makinede y\u0131kanabilir<\/li><li>Avrupa Birli\u011fi gerekliliklerine uygundur<\/li><\/ul><p><strong>\u00dcR\u00dcN A\u011eIRLI\u011eI:<\/strong> 0,75 kg<\/p><p><strong>BOYUTLAR:<\/strong> 80 cm x 80 cm x 54 cm<\/p><p><strong>STANDARTLAR:<\/strong> EN 71-1, EN 71-2, EN 71-3<\/p><p><strong>PAKET BOYUTLARI:<\/strong> 39 cm x 11 cm x 38 cm<\/p><p><strong>MALZEMELER:<\/strong> Polyester, Pelu\u015f, Plastik<\/p><p><strong>\u00dcRET\u0130C\u0130 GARANT\u0130S\u0130:<\/strong> 24 ay<\/p>\n\t\t\t\t\t<\/div>\n\t\t\t\t\t\t<\/div>\n\t\t\t\t<\/div>\n\t\t\t\t<\/div>\n\t\t<div class=\"elementor-element elementor-element-f17a342 e-con-full e-flex e-con e-child\" data-id=\"f17a342\" data-element_type=\"container\">\n\t\t\t\t<div class=\"elementor-element elementor-element-905fb32 elementor-widget elementor-widget-wd_image_or_svg\" data-id=\"905fb32\" data-element_type=\"widget\" data-widget_type=\"wd_image_or_svg.default\">\n\t\t\t\t<div class=\"elementor-widget-container\">\n\t\t\t\t\t\n\t\t<div class=\"wd-image text-center\">\n\t\t\t\t\t\t\t\t<img fetchpriority=\"high\" decoding=\"async\" width=\"512\" height=\"768\" src=\"https:\/\/www.flns.com.tr\/wp-content\/uploads\/2025\/03\/lammis-life-style-512x768-1.jpg\" class=\"attachment-full size-full\" alt=\"\" srcset=\"https:\/\/www.flns.com.tr\/wp-content\/uploads\/2025\/03\/lammis-life-style-512x768-1.jpg 512w, https:\/\/www.flns.com.tr\/wp-content\/uploads\/2025\/03\/lammis-life-style-512x768-1-200x300.jpg 200w, https:\/\/www.flns.com.tr\/wp-content\/uploads\/2025\/03\/lammis-life-style-512x768-1-430x645.jpg 430w, https:\/\/www.flns.com.tr\/wp-content\/uploads\/2025\/03\/lammis-life-style-512x768-1-150x225.jpg 150w\" sizes=\"(max-width: 512px) 100vw, 512px\" \/>\t\t\t\t\t<\/div>\n\n\t\t\t\t\t\t<\/div>\n\t\t\t\t<\/div>\n\t\t\t\t<\/div>\n\t\t\t\t\t<\/div>\n\t\t\t\t<\/div>\n\t\t<div class=\"wd-negative-gap elementor-element elementor-element-90b6128 e-flex e-con-boxed e-con e-parent\" data-id=\"90b6128\" data-element_type=\"container\">\n\t\t\t\t\t<div class=\"e-con-inner\">\n\t\t\t\t<div class=\"elementor-element elementor-element-352807f elementor-widget elementor-widget-spacer\" data-id=\"352807f\" data-element_type=\"widget\" data-widget_type=\"spacer.default\">\n\t\t\t\t<div class=\"elementor-widget-container\">\n\t\t\t\t\t\t\t<div class=\"elementor-spacer\">\n\t\t\t<div class=\"elementor-spacer-inner\"><\/div>\n\t\t<\/div>\n\t\t\t\t\t\t<\/div>\n\t\t\t\t<\/div>\n\t\t\t\t<div class=\"elementor-element elementor-element-d80b782 elementor-widget elementor-widget-wd_text_block\" data-id=\"d80b782\" data-element_type=\"widget\" data-widget_type=\"wd_text_block.default\">\n\t\t\t\t<div class=\"elementor-widget-container\">\n\t\t\t\t\t\t\t<div class=\"wd-text-block reset-last-child text-left\">\n\t\t\t\n\t\t\t<p>MoMi LAMMIS, bir bebek i\u00e7in \u00e7ekici ve g\u00fcvenli bir oyun alan\u0131d\u0131r. Masals\u0131 bir desene ve 4 farkl\u0131, \u00e7\u0131kar\u0131labilir oyunca\u011fa sahiptir. Mat, bebe\u011fin g\u00fcvenli\u011fini art\u0131rmak ve emekleme d\u00f6nemindeki bebe\u011fi d\u00fcz alan\u0131 ke\u015ffedecekleri konusunda endi\u015felenmeden bir s\u00fcre yaln\u0131z b\u0131rakman\u0131za olanak tan\u0131yan bir a\u011f bariyerle \u00e7evrilidir.<\/p><p>E\u011fitici mat, ince ve kaba motor becerilerinin geli\u015fimini destekler. Oyuncaklar\u0131n\u0131n \u00e7ocu\u011fun ula\u015fmas\u0131n\u0131, kavramas\u0131n\u0131 ve hareket etmesini te\u015fvik etmek i\u00e7in m\u00fcmk\u00fcn oldu\u011funca aral\u0131kl\u0131 yerle\u015ftirilmi\u015ftir.\u00a0 MoMi LAMMIS mat\u0131n\u0131n oyuncaklar\u0131 her iki tarafa as\u0131l\u0131r ve bebe\u011fi hareket etmeye te\u015fvik eder. Ayr\u0131ca, bir oyuncakla bir s\u00fcre oynad\u0131ktan sonra yeni uyaranlar\u0131 denemelerini sa\u011flamak i\u00e7in \u00e7e\u015fitlidirler. H\u0131\u015f\u0131rdayan ve g\u0131c\u0131rdayan oyuncaklar, \u00e7ocu\u011funuzun ellerini kullanmas\u0131n\u0131 te\u015fvik edecektir.<\/p><p>MoMi LAMMIS e\u011fitim mat\u0131 harika bir 4'\u00fc 1 arada \u00e7\u00f6z\u00fcmd\u00fcr! Sadece e\u011fitim mat\u0131 de\u011fil, ayn\u0131 zamanda oyun park\u0131, top havuzu ve foto\u011fraf mat\u0131 da elde edersiniz!<\/p><ul><li>E\u011fitim mat\u0131, bebe\u011finizin sadece rahat etmesini de\u011fil, ayn\u0131 zamanda s\u0131cak olmas\u0131n\u0131 sa\u011flayan kal\u0131n, \u0131s\u0131 yal\u0131t\u0131ml\u0131 bir kuma\u015fa sahiptir! Farkl\u0131 oyuncaklar becerilerini geli\u015ftirmenize ve duyular\u0131n\u0131 harekete ge\u00e7irmenize yard\u0131mc\u0131 olacakt\u0131r.<\/li><li>Top havuzu bebe\u011fe \u00e7ok e\u011flenceli vakit ge\u00e7irtecektir. Mat\u0131 daha b\u00fcy\u00fck bir \u00e7ocuk i\u00e7in de \u00e7ekici hale getirecektir. Set, yumu\u015fak renklerde 20 topla birlikte gelir.<\/li><li>Foto\u011fraf mat\u0131 sayesinde bebe\u011finizin geli\u015fimini d\u00fczenli olarak yakalayabilirsiniz. Bu mat \u00fczerinde \u00e7ekilen foto\u011fraflar, ne kadar h\u0131zl\u0131 b\u00fcy\u00fcd\u00fcklerini fark etmenize yard\u0131mc\u0131 olacakt\u0131r.<\/li><\/ul><p>MoMi LAMMIS her bebek i\u00e7in harika bir hediyedir!<\/p>\n\t\t\t\t\t<\/div>\n\t\t\t\t\t\t<\/div>\n\t\t\t\t<\/div>\n\t\t\t\t<div class=\"elementor-element elementor-element-bfea17e elementor-widget elementor-widget-spacer\" data-id=\"bfea17e\" data-element_type=\"widget\" data-widget_type=\"spacer.default\">\n\t\t\t\t<div class=\"elementor-widget-container\">\n\t\t\t\t\t\t\t<div class=\"elementor-spacer\">\n\t\t\t<div class=\"elementor-spacer-inner\"><\/div>\n\t\t<\/div>\n\t\t\t\t\t\t<\/div>\n\t\t\t\t<\/div>\n\t\t\t\t<div class=\"elementor-element elementor-element-da85f51 elementor-widget elementor-widget-wd_image_or_svg\" data-id=\"da85f51\" data-element_type=\"widget\" data-widget_type=\"wd_image_or_svg.default\">\n\t\t\t\t<div class=\"elementor-widget-container\">\n\t\t\t\t\t\n\t\t<div class=\"wd-image text-center\">\n\t\t\t\t\t\t\t\t<img decoding=\"async\" width=\"768\" height=\"512\" src=\"https:\/\/www.flns.com.tr\/wp-content\/uploads\/2025\/03\/lammis-life-style-768x512-1.jpg\" class=\"attachment-full size-full\" alt=\"\" srcset=\"https:\/\/www.flns.com.tr\/wp-content\/uploads\/2025\/03\/lammis-life-style-768x512-1.jpg 768w, https:\/\/www.flns.com.tr\/wp-content\/uploads\/2025\/03\/lammis-life-style-768x512-1-400x267.jpg 400w, https:\/\/www.flns.com.tr\/wp-content\/uploads\/2025\/03\/lammis-life-style-768x512-1-430x287.jpg 430w, https:\/\/www.flns.com.tr\/wp-content\/uploads\/2025\/03\/lammis-life-style-768x512-1-700x467.jpg 700w, https:\/\/www.flns.com.tr\/wp-content\/uploads\/2025\/03\/lammis-life-style-768x512-1-150x100.jpg 150w\" sizes=\"(max-width: 768px) 100vw, 768px\" \/>\t\t\t\t\t<\/div>\n\n\t\t\t\t\t\t<\/div>\n\t\t\t\t<\/div>\n\t\t\t\t\t<\/div>\n\t\t\t\t<\/div>\n\t\t\t\t<\/div>\n\t\t","protected":false},"excerpt":{"rendered":"<p>Bir mat sat\u0131n alarak 3 \u00fcr\u00fcn elde edeceksiniz! MoMi LAMMIS e\u011fitim mat\u0131 ayn\u0131 zamanda toplarla kuru bir havuz ve bir foto\u011fraf mat\u0131d\u0131r. Ayr\u0131ca bebe\u011finizi mutlu edecek \u00e7ok say\u0131da duyusal oyuncak da bulunmaktad\u0131r<\/p>\n","protected":false},"featured_media":28656,"comment_status":"open","ping_status":"closed","template":"","meta":[],"product_brand":[225],"product_cat":[196],"product_tag":[],"class_list":{"0":"post-28023","1":"product","2":"type-product","3":"status-publish","4":"has-post-thumbnail","6":"product_brand-momi","7":"product_cat-oyun_matlari","9":"first","10":"instock","11":"taxable","12":"shipping-taxable","13":"purchasable","14":"product-type-simple"},"yoast_head":"<!-- This site is optimized with the Yoast SEO plugin v25.1 - https:\/\/yoast.com\/wordpress\/plugins\/seo\/ -->\n<title>MoMi LAMMIS E\u011fitici Oyun Mat\u0131 - FLNS<\/title>\n<meta name=\"robots\" content=\"index, follow, max-snippet:-1, max-image-preview:large, max-video-preview:-1\" \/>\n<link rel=\"canonical\" href=\"https:\/\/www.flns.com.tr\/index.php\/urun\/momi-lammis-egitici-oyun-mati\/\" \/>\n<meta property=\"og:locale\" content=\"tr_TR\" \/>\n<meta property=\"og:type\" content=\"article\" \/>\n<meta property=\"og:title\" content=\"MoMi LAMMIS E\u011fitici Oyun Mat\u0131 - FLNS\" \/>\n<meta property=\"og:description\" content=\"Bir mat sat\u0131n alarak 3 \u00fcr\u00fcn elde edeceksiniz! MoMi LAMMIS e\u011fitim mat\u0131 ayn\u0131 zamanda toplarla kuru bir havuz ve bir foto\u011fraf mat\u0131d\u0131r. Ayr\u0131ca bebe\u011finizi mutlu edecek \u00e7ok say\u0131da duyusal oyuncak da bulunmaktad\u0131r\" \/>\n<meta property=\"og:url\" content=\"https:\/\/www.flns.com.tr\/index.php\/urun\/momi-lammis-egitici-oyun-mati\/\" \/>\n<meta property=\"og:site_name\" content=\"FLNS\" \/>\n<meta property=\"article:modified_time\" content=\"2025-04-30T22:26:34+00:00\" \/>\n<meta property=\"og:image\" content=\"https:\/\/www.flns.com.tr\/wp-content\/uploads\/2025\/03\/lammis-bebek-oyun-mati.jpg\" \/>\n\t<meta property=\"og:image:width\" content=\"1500\" \/>\n\t<meta property=\"og:image:height\" content=\"1500\" \/>\n\t<meta property=\"og:image:type\" content=\"image\/jpeg\" \/>\n<meta name=\"twitter:card\" content=\"summary_large_image\" \/>\n<meta name=\"twitter:label1\" content=\"Tahmini okuma s\u00fcresi\" \/>\n\t<meta name=\"twitter:data1\" content=\"3 dakika\" \/>\n<script type=\"application\/ld+json\" class=\"yoast-schema-graph\">{\"@context\":\"https:\/\/schema.org\",\"@graph\":[{\"@type\":\"WebPage\",\"@id\":\"https:\/\/www.flns.com.tr\/index.php\/urun\/momi-lammis-egitici-oyun-mati\/\",\"url\":\"https:\/\/www.flns.com.tr\/index.php\/urun\/momi-lammis-egitici-oyun-mati\/\",\"name\":\"MoMi LAMMIS E\u011fitici Oyun Mat\u0131 - FLNS\",\"isPartOf\":{\"@id\":\"https:\/\/www.flns.com.tr\/#website\"},\"primaryImageOfPage\":{\"@id\":\"https:\/\/www.flns.com.tr\/index.php\/urun\/momi-lammis-egitici-oyun-mati\/#primaryimage\"},\"image\":{\"@id\":\"https:\/\/www.flns.com.tr\/index.php\/urun\/momi-lammis-egitici-oyun-mati\/#primaryimage\"},\"thumbnailUrl\":\"https:\/\/www.flns.com.tr\/wp-content\/uploads\/2025\/03\/lammis-bebek-oyun-mati.jpg\",\"datePublished\":\"2025-03-25T20:56:42+00:00\",\"dateModified\":\"2025-04-30T22:26:34+00:00\",\"breadcrumb\":{\"@id\":\"https:\/\/www.flns.com.tr\/index.php\/urun\/momi-lammis-egitici-oyun-mati\/#breadcrumb\"},\"inLanguage\":\"tr\",\"potentialAction\":[{\"@type\":\"ReadAction\",\"target\":[\"https:\/\/www.flns.com.tr\/index.php\/urun\/momi-lammis-egitici-oyun-mati\/\"]}]},{\"@type\":\"ImageObject\",\"inLanguage\":\"tr\",\"@id\":\"https:\/\/www.flns.com.tr\/index.php\/urun\/momi-lammis-egitici-oyun-mati\/#primaryimage\",\"url\":\"https:\/\/www.flns.com.tr\/wp-content\/uploads\/2025\/03\/lammis-bebek-oyun-mati.jpg\",\"contentUrl\":\"https:\/\/www.flns.com.tr\/wp-content\/uploads\/2025\/03\/lammis-bebek-oyun-mati.jpg\",\"width\":1500,\"height\":1500},{\"@type\":\"BreadcrumbList\",\"@id\":\"https:\/\/www.flns.com.tr\/index.php\/urun\/momi-lammis-egitici-oyun-mati\/#breadcrumb\",\"itemListElement\":[{\"@type\":\"ListItem\",\"position\":1,\"name\":\"Anasayfa\",\"item\":\"https:\/\/www.flns.com.tr\/\"},{\"@type\":\"ListItem\",\"position\":2,\"name\":\"Ma\u011faza\",\"item\":\"https:\/\/www.flns.com.tr\/index.php\/shop\/\"},{\"@type\":\"ListItem\",\"position\":3,\"name\":\"MoMi LAMMIS E\u011fitici Oyun Mat\u0131\"}]},{\"@type\":\"WebSite\",\"@id\":\"https:\/\/www.flns.com.tr\/#website\",\"url\":\"https:\/\/www.flns.com.tr\/\",\"name\":\"FLNS\",\"description\":\"FUN LOVE NATURE SPORT\",\"publisher\":{\"@id\":\"https:\/\/www.flns.com.tr\/#organization\"},\"potentialAction\":[{\"@type\":\"SearchAction\",\"target\":{\"@type\":\"EntryPoint\",\"urlTemplate\":\"https:\/\/www.flns.com.tr\/?s={search_term_string}\"},\"query-input\":{\"@type\":\"PropertyValueSpecification\",\"valueRequired\":true,\"valueName\":\"search_term_string\"}}],\"inLanguage\":\"tr\"},{\"@type\":\"Organization\",\"@id\":\"https:\/\/www.flns.com.tr\/#organization\",\"name\":\"FLNS\",\"url\":\"https:\/\/www.flns.com.tr\/\",\"logo\":{\"@type\":\"ImageObject\",\"inLanguage\":\"tr\",\"@id\":\"https:\/\/www.flns.com.tr\/#\/schema\/logo\/image\/\",\"url\":\"https:\/\/www.flns.com.tr\/wp-content\/uploads\/2025\/03\/FLNS-LOGO.png\",\"contentUrl\":\"https:\/\/www.flns.com.tr\/wp-content\/uploads\/2025\/03\/FLNS-LOGO.png\",\"width\":4500,\"height\":2892,\"caption\":\"FLNS\"},\"image\":{\"@id\":\"https:\/\/www.flns.com.tr\/#\/schema\/logo\/image\/\"},\"sameAs\":[\"https:\/\/www.instagram.com\/f.l.n.s\"]}]}<\/script>\n<!-- \/ Yoast SEO plugin. -->","yoast_head_json":{"title":"MoMi LAMMIS E\u011fitici Oyun Mat\u0131 - FLNS","robots":{"index":"index","follow":"follow","max-snippet":"max-snippet:-1","max-image-preview":"max-image-preview:large","max-video-preview":"max-video-preview:-1"},"canonical":"https:\/\/www.flns.com.tr\/index.php\/urun\/momi-lammis-egitici-oyun-mati\/","og_locale":"tr_TR","og_type":"article","og_title":"MoMi LAMMIS E\u011fitici Oyun Mat\u0131 - FLNS","og_description":"Bir mat sat\u0131n alarak 3 \u00fcr\u00fcn elde edeceksiniz! MoMi LAMMIS e\u011fitim mat\u0131 ayn\u0131 zamanda toplarla kuru bir havuz ve bir foto\u011fraf mat\u0131d\u0131r. Ayr\u0131ca bebe\u011finizi mutlu edecek \u00e7ok say\u0131da duyusal oyuncak da bulunmaktad\u0131r","og_url":"https:\/\/www.flns.com.tr\/index.php\/urun\/momi-lammis-egitici-oyun-mati\/","og_site_name":"FLNS","article_modified_time":"2025-04-30T22:26:34+00:00","og_image":[{"width":1500,"height":1500,"url":"https:\/\/www.flns.com.tr\/wp-content\/uploads\/2025\/03\/lammis-bebek-oyun-mati.jpg","type":"image\/jpeg"}],"twitter_card":"summary_large_image","twitter_misc":{"Tahmini okuma s\u00fcresi":"3 dakika"},"schema":{"@context":"https:\/\/schema.org","@graph":[{"@type":"WebPage","@id":"https:\/\/www.flns.com.tr\/index.php\/urun\/momi-lammis-egitici-oyun-mati\/","url":"https:\/\/www.flns.com.tr\/index.php\/urun\/momi-lammis-egitici-oyun-mati\/","name":"MoMi LAMMIS E\u011fitici Oyun Mat\u0131 - FLNS","isPartOf":{"@id":"https:\/\/www.flns.com.tr\/#website"},"primaryImageOfPage":{"@id":"https:\/\/www.flns.com.tr\/index.php\/urun\/momi-lammis-egitici-oyun-mati\/#primaryimage"},"image":{"@id":"https:\/\/www.flns.com.tr\/index.php\/urun\/momi-lammis-egitici-oyun-mati\/#primaryimage"},"thumbnailUrl":"https:\/\/www.flns.com.tr\/wp-content\/uploads\/2025\/03\/lammis-bebek-oyun-mati.jpg","datePublished":"2025-03-25T20:56:42+00:00","dateModified":"2025-04-30T22:26:34+00:00","breadcrumb":{"@id":"https:\/\/www.flns.com.tr\/index.php\/urun\/momi-lammis-egitici-oyun-mati\/#breadcrumb"},"inLanguage":"tr","potentialAction":[{"@type":"ReadAction","target":["https:\/\/www.flns.com.tr\/index.php\/urun\/momi-lammis-egitici-oyun-mati\/"]}]},{"@type":"ImageObject","inLanguage":"tr","@id":"https:\/\/www.flns.com.tr\/index.php\/urun\/momi-lammis-egitici-oyun-mati\/#primaryimage","url":"https:\/\/www.flns.com.tr\/wp-content\/uploads\/2025\/03\/lammis-bebek-oyun-mati.jpg","contentUrl":"https:\/\/www.flns.com.tr\/wp-content\/uploads\/2025\/03\/lammis-bebek-oyun-mati.jpg","width":1500,"height":1500},{"@type":"BreadcrumbList","@id":"https:\/\/www.flns.com.tr\/index.php\/urun\/momi-lammis-egitici-oyun-mati\/#breadcrumb","itemListElement":[{"@type":"ListItem","position":1,"name":"Anasayfa","item":"https:\/\/www.flns.com.tr\/"},{"@type":"ListItem","position":2,"name":"Ma\u011faza","item":"https:\/\/www.flns.com.tr\/index.php\/shop\/"},{"@type":"ListItem","position":3,"name":"MoMi LAMMIS E\u011fitici Oyun Mat\u0131"}]},{"@type":"WebSite","@id":"https:\/\/www.flns.com.tr\/#website","url":"https:\/\/www.flns.com.tr\/","name":"FLNS","description":"FUN LOVE NATURE SPORT","publisher":{"@id":"https:\/\/www.flns.com.tr\/#organization"},"potentialAction":[{"@type":"SearchAction","target":{"@type":"EntryPoint","urlTemplate":"https:\/\/www.flns.com.tr\/?s={search_term_string}"},"query-input":{"@type":"PropertyValueSpecification","valueRequired":true,"valueName":"search_term_string"}}],"inLanguage":"tr"},{"@type":"Organization","@id":"https:\/\/www.flns.com.tr\/#organization","name":"FLNS","url":"https:\/\/www.flns.com.tr\/","logo":{"@type":"ImageObject","inLanguage":"tr","@id":"https:\/\/www.flns.com.tr\/#\/schema\/logo\/image\/","url":"https:\/\/www.flns.com.tr\/wp-content\/uploads\/2025\/03\/FLNS-LOGO.png","contentUrl":"https:\/\/www.flns.com.tr\/wp-content\/uploads\/2025\/03\/FLNS-LOGO.png","width":4500,"height":2892,"caption":"FLNS"},"image":{"@id":"https:\/\/www.flns.com.tr\/#\/schema\/logo\/image\/"},"sameAs":["https:\/\/www.instagram.com\/f.l.n.s"]}]}},"_links":{"self":[{"href":"https:\/\/www.flns.com.tr\/index.php\/wp-json\/wp\/v2\/product\/28023","targetHints":{"allow":["GET"]}}],"collection":[{"href":"https:\/\/www.flns.com.tr\/index.php\/wp-json\/wp\/v2\/product"}],"about":[{"href":"https:\/\/www.flns.com.tr\/index.php\/wp-json\/wp\/v2\/types\/product"}],"replies":[{"embeddable":true,"href":"https:\/\/www.flns.com.tr\/index.php\/wp-json\/wp\/v2\/comments?post=28023"}],"version-history":[{"count":17,"href":"https:\/\/www.flns.com.tr\/index.php\/wp-json\/wp\/v2\/product\/28023\/revisions"}],"predecessor-version":[{"id":31123,"href":"https:\/\/www.flns.com.tr\/index.php\/wp-json\/wp\/v2\/product\/28023\/revisions\/31123"}],"wp:featuredmedia":[{"embeddable":true,"href":"https:\/\/www.flns.com.tr\/index.php\/wp-json\/wp\/v2\/media\/28656"}],"wp:attachment":[{"href":"https:\/\/www.flns.com.tr\/index.php\/wp-json\/wp\/v2\/media?parent=28023"}],"wp:term":[{"taxonomy":"product_brand","embeddable":true,"href":"https:\/\/www.flns.com.tr\/index.php\/wp-json\/wp\/v2\/product_brand?post=28023"},{"taxonomy":"product_cat","embeddable":true,"href":"https:\/\/www.flns.com.tr\/index.php\/wp-json\/wp\/v2\/product_cat?post=28023"},{"taxonomy":"product_tag","embeddable":true,"href":"https:\/\/www.flns.com.tr\/index.php\/wp-json\/wp\/v2\/product_tag?post=28023"}],"curies":[{"name":"wp","href":"https:\/\/api.w.org\/{rel}","templated":true}]}}